10240 (base 7) to base 12.
-143ba3
Convert -101011001001010110 (base 2) to base 12.
-86332
Convert -24414 (base 8) to base 6.
-120352
208014 (base 9) to base 6
2353451
Convert 132233323 (base 4) to base 14.
33c83
Convert -4846208 (base 9) to base 13.
-7107b6
Convert -1000101101001111010 (base 2) to base 13.
-9cb28
What is 121201212 (base 3) in base 9?
17655
Convert -1053255 (base 7) to base 12.
-63859
Convert 70b72 (base 15) to base 7.
3014456
What is -232033303 (base 4) in base 14?
-4d067
What is 34537c (base 16) in base 11?
1a32495
Convert -897311 (base 12) to base 13.
-5b896a
What is 11010110011100111111110 (base 2) in base 16?
6b39fe
Convert 169a72 (base 15) to base 10.
1095857
What is 42120202 (base 5) in base 10?
348177
-3375173 (base 10) to base 8
-14700105
What is -de204 (base 15) in base 13?
-1b9367
Convert 120122212221101 (base 3) to base 7.
130515166
15145 (base 15) to base 7
401432
2194575 (base 10) to base 2
1000010111110010001111
What is -16113 (base 13) in base 7?
-233145
Convert 1f8ec (base 16) to base 4.
133203230
Convert -1011101110110001110011 (base 2) to base 5.
-1241401222
What is -b326 (base 13) in base 14?
-900a
What is 10c5768 (base 15) in base 16?
b75c21
Convert -172370 (base 8) to base 6.
-1202200
Convert -1100011000010010010 (base 2) to base 11.
-257853
What is 1056272 (base 8) in base 10?
285882
Convert -101101001010001001 (base 2) to base 3.
-100101201201
What is -6453411 (base 7) in base 14?
-166808
What is 244712 (base 8) in base 13?
2c574
Convert -101710 (base 9) to base 4.
-32233002
6723a7 (base 11) to base 6
34550355
96268 (base 16) to base 8
2261150
What is c6367 (base 13) in base 15?
70971
-1100010100101000010 (base 2) to base 5
-100410103
194fc (base 16) to base 13
38261
4b3352 (base 16) to base 12
179806a
1130a13 (base 11) to base 5
1001242014
What is 4513055 (base 10) in base 16?
44dd1f
-79531 (base 15) to base 3
-201121101101
113232120 (base 4) to base 15
1dbd6
Convert -111111022122211 (base 3) to base 2.
-11011010110101101101101
Convert -4434235 (base 6) to base 14.
-5b183
What is 323321121 (base 4) in base 3?
110110112120
-2021020111 (base 3) to base 15
-d364
-141611a (base 13) to base 11
-364a878
Convert 14386742 (base 10) to base 6.
1232205142
-31678 (base 10) to base 6
-402354
Convert -21120020111101 (base 3) to base 2.
-1111010101011101100011
Convert -159a11 (base 13) to base 3.
-1000012200010
1332103141 (base 5) to base 8
14745173
20365137 (base 8) to base 10
4319839
Convert -1714343 (base 11) to base 13.
-7b29c0
Convert 253b23 (base 13) to base 15.
129cb5
23303013212 (base 4) to base 15
41167b
What is -22a7e3 (base 16) in base 15?
-2ece38
Convert -191277 (base 11) to base 4.
-1013321031
What is 29784 (base 11) in base 6?
523212
48776 (base 9) to base 5
2021322
Convert -112498 (base 12) to base 8.
-1026464
Convert 4c014 (base 14) to base 16.
2d8f2
431780 (base 16) to base 12
1580628
111816 (base 13) to base 3
202111101120
What is -129094 (base 10) in base 6?
-2433354
What is -31551532 (base 6) in base 15?
-136345
31241434 (base 5) to base 8
771662
What is 52335153 (base 6) in base 2?
101110011011011001101
3162452 (base 7) to base 8
1360067
487ba (base 12) to base 2
10111111001111110
-8ab0b (base 15) to base 10
-441236
What is -35233600 (base 8) in base 6?
-432352240
Convert 131033 (base 12) to base 13.
ac4c1
What is 8236d (base 16) in base 7?
4350656
What is -323262 (base 11) in base 6?
-15024150
-69504a (base 16) to base 8
-32250112
Convert 220120011212 (base 3) to base 14.
c828a
-52360362 (base 8) to base 14
-169b3c6
10d153 (base 16) to base 11
693087
What is 1103020213 (base 4) in base 3?
122022002211
Convert -3261452 (base 8) to base 9.
-1576447
-110110011100000000111 (base 2) to base 16
-1b3807
Convert 14140020234 (base 5) to base 4.
1011233201021
-33244046 (base 7) to base 15
-3b9c85
What is 91347 (base 13) in base 10?
259812
What is -73028 (base 11) in base 12?
-5177a
20516 (base 11) to base 12
15380
Convert 1041330 (base 6) to base 7.
305064
What is -4105022 (base 7) in base 5?
-111123014
What is -1820220 (base 10) in base 11?
-1033616
100100000110101000101111 (base 2) to base 15
c6e3cc
Convert -217859 (base 12) to base 13.
-158034
-dc9d4d (base 14) to base 9
-15060580
Convert -128a2b (base 14) to base 4.
-2123322033
21201302 (base 4) to base 6
500402
Convert 105165 (base 8) to base 10.
35445
What is -1444442 (base 7) in base 16?
-2fdef
Convert -157173 (base 11) to base 6.
-5120330
Convert -11100001111101111011 (base 2) to base 14.
-1a1439
111011011020 (base 3) to base 6
5314353
What is -10111000001011000111 (base 2) in base 3?
-1102022210211
-634608 (base 12) to base 4
-11331211220
What is 340404 (base 8) in base 10?
114948
2991d3 (base 16) to base 2
1010011001000111010011
Convert 52888 (base 13) to base 10.
148663
What is -1a234 (base 15) in base 2?
-10100101110001010
What is 203144a (base 11) in base 6?
204531202
What is b7b016 (base 12) in base 13?
7a7783
-652630 (base 7) to base 5
-12120343
What is -22d447 (base 15) in base 6?
-55403334
Convert 313202032 (base 4) to base 10.
227470
12212100210221 (base 3) to base 5
1244221232
-175613 (base 8) to base 9
-107300
Convert -26b385 (base 14) to base 8.
-5063311
What is -97ac8 (base 14) in base 3?
-200122112212
Convert 333331224 (base 5) to base 12.
5a7670
205086 (base 13) to base 15
ed4a6
-44235134 (base 7) to base 10
-3807374
Convert -23341431 (base 5) to base 16.
-348c9
Convert 131300203 (base 4) to base 7.
1015240
What is a4a3a2 (base 12) in base 8?
11700652
1635232 (base 9) to base 13
25ab28
Convert 1337365 (base 11) to base 7.
25422665
2022111022 (base 3) to base 8
130765
What is 4020a0 (base 11) in base 4?
2131331000
What is -10795ed (base 15) in base 5?
-11003323343
123212022 (base 5) to base 6
20513515
-7c1 (base 13) to base 14
-6ba
Convert -131300214 (base 6) to base 13.
-6c8857
What is -18855 (base 9) in base 3?
-122221212
-252775 (base 8) to base 10
-87549
1384807 (base 12) to base 7
45130015
What is -183680 (base 9) in base 8?
-337152
What is a4592 (base 14) in base 16?
60bd4
-fd9b4 (base 16) to base 3
-1221202221001
What is -1121211122202 (base 3) in base 13?
-2429ab
What is 536b42 (base 15) in base 10?
3971537
What is 12202021221 (base 3) in base 6?
2232041
Convert -4708224 (base 10) to base 3.
-22212012110200
2122310000 (base 4) to base 10
634112
-4241551 (base 9) to base 7
-25206553
What is 6b6b8 (base 13) in base 14?
5197c
What is -25908 (base 14) in base 9?
-150572
What is 2157351 (base 8) in base 16?
8dee9
Convert -21230332301 (base 4) to base 15.
-353992
What is 62103 (base 7) in base 2?
11101100101000
What is -501461 (base 7) in base 16?
-14a89
Convert -50002153 (base 7) to base 11.
-2363310
What is -20010001122 (base 3) in base 4?
-131120021
Convert 144111612 (base 7) to base 6.
540402143
-49099 (base 11) to base 16
-113fb
What is 113000000002 (base 4) in base 7?
102151114
What is -100111010011000110 (base 2) in base 4?
-213103012
Convert -264226 (base 9) to base 2.
-100111001100110110
-291f69 (base 16) to base 7
-31623123
Convert -38748 (base 11) to base 14.
-16302
Convert 12001212011212 (base 3) to base 6.
133423122
Convert -907956 (base 10) to base 11.
-570185
Convert -671072 (base 9) to base 13.
-1106b4
Convert -de48 (base 15) to base 14.
-1323b
-6173135 (base 9) to base 5
-1320432142
-515233 (base 8) to base 4
-221222123
4525e (base 16) to base 15
58dc0
Convert 513692 (base 11) to base 10.
824716
What is 11c6b8 (base 13) in base 10?
427383
-103022302 (base 4) to base 5
-10003024
-32120330313 (base 4) to base 15
-4e7a60
What is 1a0d36 (base 14) in base 3?
1201222021201
-2669271 (base 11) to base 12
-16636b1
What is acda7c (base 16) in base 11?
6437a95
What is 3297817 (base 10) in base 4?
30211020121
5203001 (base 6) to base 2
111100111010001001
1101025 (base 6) to base 8
152611
103200111 (base 5) to base 7
3525552
Convert 22220010110210 (base 3) to base 15.
63566c
Convert -1652435 (base 7) to base 9.
-382375
What is 6198b (base 15) in base 10?
309281
3701601 (base 11) to base 12
21a9282
Convert -9aa1a (base 12) to base 8.
-621066
2011420033 (base 5) to base 16
3d3ec8
What is -4a42c9 (base 13) in base 5?
-423430243
What is 38db8 (base 14) in base 5?
13434120
What is 1983612 (base 12) in base 16?
525bae
Convert 